e the prime factors of b?
2, 1553
Let l = 151 + -147. Suppose -l*w + 1716 = 3*s, 2*s - 2144 = -5*w - 2*s. What are the prime factors of w?
2, 3
Let x = 103 + -100. Suppose -3*q + 21 = 5*j - 0*q, -q - 7 = -x*j. Suppose -5*s - 5*p = -246 - 824, -j*s = -2*p - 627. What are the prime factors of s?
211
Let h(v) = 92*v**3 + 2*v**2 + 78*v - 306. List the prime factors of h(4).
2, 2963
Let a be (-242)/(-2) + 2 + (-9)/(-9). Suppose 3213 = -a*u + 131*u. What are the prime factors of u?
3, 17
Let a(d) = 19*d**3 + 8*d**2 + 33*d - 183. What are the prime factors of a(6)?
3, 13, 113
Let c be 6/((-210)/(-17345)) - 3/(-7). Suppose 3*y = -4*a + c, -42 - 216 = -2*a + y. List the prime factors of a.
127
Let x = 176 - 177. List the prime factors of 42/12*-18*(-2 + x).
3, 7
Let m = 827 - 1163. Let h = m + 930. What are the prime factors of h?
2, 3, 11
Let h = -55 - -61. Let p be (-2)/((-4)/h) + -5 + 2. Suppose p = 5*x + 2*b - 444, -2*x + 63 + 111 = 2*b. List the prime factors of x.
2, 3, 5
Let b = 51 - 40. Suppose 3*k - b - 145 = 0. Suppose -157 = -3*f - k. List the prime factors of f.
5, 7
Suppose 9*p + 2798 - 8270 = 0. Let w = 896 - p. List the prime factors of w.
2, 3
Let m(a) = -2*a + 90. Let u be m(-28). Let h = u - 109. What are the prime factors of h?
37
Suppose 0 = -5*p + 6*p - 37*p + 83844. What are the prime factors of p?
17, 137
Let y(h) = 481*h**2 + 2*h + 1. Let z be y(-2). Suppose -m + 3*v - z = -3*m, -m - 5*v = -978. What are the prime factors of m?
953
Let k(a) = -11*a**3 + 4*a**2 - 4*a + 4. Let x be k(-6). Suppose -2*v = 5*u - x, 39*u - 5122 = -4*v + 42*u. What are the prime factors of v?
1279
Let k(s) = s**2 - 14*s + 25. Suppose 0*a - 2*a = 102. Let y = a + 66. List the prime factors of k(y).
2, 5
Let u(a) = -31*a + 83. Let j(l) = 78*l - 207. Let q(d) = 5*j(d) + 12*u(d). What are the prime factors of q(14)?
3, 71
Let i = 770 - 767. Suppose m - 2*f = 62, 3*m + i*f = 2*m + 37. What are the prime factors of m?
2, 13
Let j(b) = -5*b**3 - 16*b**2 + 4*b + 810. What are the prime factors of j(-18)?
2, 3, 1373
Let g be 60/8*(-46)/3. Let w(u) = 3*u**2 + 32*u - 120. Let l be w(-18). Let z = l + g. List the prime factors of z.
7, 23
Suppose 0 = 2*l + 2*p - 11842, 3*p - 4*p = 4*l - 23690. Suppose 0 = -11*z + 4681 + l. List the prime factors of z.
2, 241
Let r(j) = 3*j**2 - 7*j - 7. Let x(h) = -h**2 + 11*h - 10. Let o be x(7). Suppose o = -8*y + 3*y - 2*k, 4*k = 4. List the prime factors of r(y).
3, 23
Suppose -15 = 3*c, -2*n + 3*c + 21 = -2. Suppose 151 = 3*x - 2*d, 3*x + 0*d = n*d + 143. What are the prime factors of x?
53
List the prime factors of (35379/18 - 5)*(-8)/(-4 - -2).
2, 3, 1307
Suppose -5*g = -2*x + 104, 15*x + 4*g = 16*x - 58. Suppose -x*w + 36*w = -7956. List the prime factors of w.
2, 3, 13, 17
Let t be (4 - 5)/((-5)/110 + 0). Let y = t + 618. What are the prime factors of y?
2, 5
Suppose -174616 = -16*k + 26664. What are the prime factors of k?
2, 5, 17, 37
Let n = -72 + 76. Suppose 4*o + 2620 = 5*c, -c - o + 524 = n*o. What are the prime factors of c?
2, 131
Suppose 4*g = -5*f + 9 - 1, 3*f = -g + 9. Let w be 1*f - (15 - 7). List the prime factors of (144/15)/w*-1*5.
2, 3
Suppose 27052 = 40*c - 35148. List the prime factors of c.
5, 311
List the prime factors of ((-129)/(-4))/(2123/132 + -16).
3, 43
Suppose -695*c + 8681754 = -584*c. List the prime factors of c.
2, 39107
Suppose l + 622 = -3*o + 2674, 0 = -2*o + 5*l + 1385. Suppose -16*w = -15*w - o. What are the prime factors of w?
5, 137
Let p = 129 - 124. Suppose -4*n + n + p*d + 1058 = 0, 2*d = 3*n - 1073. List the prime factors of n.
19
Suppose -2*s = 3*s - 20. Let g(w) = w**2 + 31*w + 186. Let y be g(-23). What are the prime factors of s*(y - (-25)/10)?
2, 3
Let p be 2/13 + 7 + (-394)/26. Let r(i) = 9*i**2 - 4*i + 29. What are the prime factors of r(p)?
7, 13
Suppose 0 = 3*k + w - 1285, 0 = -3*k + 4*w + 698 + 582. Suppose 3*v + 5*m = k, -5*m = 4*v - 515 - 49. What are the prime factors of v?
2, 17
Suppose -7*v + 64*v = 171. What are the prime factors of (3470/(2 + v))/2?
347
Suppose 0 = -6*p + 7*p. Suppose b - 5*b = -h - 12, p = -2*b - 3*h + 20. Suppose 7*c = b*c + 177. List the prime factors of c.
59
Let z = 30 - 33. Let h = -211 + 213. List the prime factors of z + 2 + -1 + h - -59.
59
Suppose 1 = l + 4*v + 3, 3*l - 4*v = 26. Suppose -d + 8470 = l*d. List the prime factors of d/(-20)*(2 - 4).
11
Let c = -340 - -342. Suppose h - 1706 = -c*y, -4*y = -2*y - 3*h - 1706. List the prime factors of y.
853
Suppose 0*b + p = -3*b - 1261, b - 4*p + 416 = 0. Let y = 114 - b. What are the prime factors of y?
2, 3, 89
Let y = 389 + -386. Suppose -y*a - 4*m = 630 - 2375, 5*a - 2887 = 4*m. List the prime factors of a.
3, 193
Let n = 162577 - 84853. List the prime factors of n.
2, 3, 17, 127
Let q = 7204 + 4501. List the prime factors of q.
5, 2341
Suppose -n - 5*s + 52371 = 0, -4 = -7*s + 38. What are the prime factors of n?
3, 73, 239
Suppose -5*t = -4*f - 310226, 0 = 4*t - 6*f + 118763 - 366941. What are the prime factors of t?
2, 3, 383
Let b(r) = -79*r**2 + 2*r - 2. Let m be b(1). Let f = -65 - m. List the prime factors of f.
2, 7
Let g(r) = 138*r + 96. Let i(y) = -2*y - 2. Let h(f) = g(f) + 12*i(f). List the prime factors of h(3).
2, 3, 23
Suppose -w - 2*g + 24 = 0, w + 4*g - 6 = 2*w. Suppose -w = 4*n + j + 23, -n - 4*j = 28. List the prime factors of (n/(-3))/((-26)/(-897)).
2, 23
Suppose -4*o - 15*k + 28248 = -11*k, -4*o + 5*k + 28239 = 0. List the prime factors of o.
23, 307
Suppose -3*a + a = -8. Suppose -4*d - 10 = o + d, -5*d = -a*o + 10. Suppose o = 3*n + 4*n - 630. What are the prime factors of n?
2, 3, 5
Let f(k) = 434*k**2 - 38*k + 320. List the prime factors of f(7).
2, 5, 13, 41
Let z be (-1 - (-11)/(-2)) + (-10)/(-20). Let a(b) = b + 11. Let q be a(z). Suppose 15 = q*x, 5*x + 58 = 5*n - 177. List the prime factors of n.
2, 5
Suppose -190 = 9*p - 811. Suppose 73*o = p*o + 1900. What are the prime factors of o?
5, 19
Let u = -3703 - -16448. What are the prime factors of u?
5, 2549
Suppose 5*a + 11 = -2*n, -4*a = 5*n + 2 - 0. Suppose -2*u + 164 = l - 127, -n*l = u - 576. List the prime factors of l.
7, 41
Let d(v) = v + 13. Let k be (-2)/7*1 - 78/21. Let l be d(k). What are the prime factors of 33 + l/(-3) - -4?
2, 17
Let r(h) = h**3 - 4*h**2 + h - 2. Let a be r(4). Suppose 2*o - 5*d - 16 = 3*o, o - 4*d - a = 0. What are the prime factors of ((-3)/4)/(o/16)?
2
Suppose -3*r = 5*c - 19261, -28*r - 19289 = -31*r + 2*c. What are the prime factors of r?
6427
Let m = 219 + -215. Suppose 4*p - m*k - 40 = 0, 3*p = 4*k + 20 + 13. What are the prime factors of p?
7
Let s be 29/3 - (-2)/(-3). Let k(n) = 4*n**2 - 8. Let f(u) = 5*u**2 - 9. Let b(a) = 5*f(a) - 6*k(a). List the prime factors of b(s).
2, 3, 7
Let s be (-3 - -6)/(0 - 3/(-51)). Let q = s + -45. Let k = 14 + q. List the prime factors of k.
2, 5
Suppose 31*q = 25*q + 900. Let d = q + 780. Suppose -d = -9*w - w. List the prime factors of w.
3, 31
Suppose -2*j - 3 = 1. Let n = j + 4. Suppose -6*s + 2*s - 2*w + 126 = 0, n*s - 2*w - 60 = 0. What are the prime factors of s?
31
Let l be -1*335 - (-12 - -8). What are the prime factors of (l*1)/((-12)/(-6) + -3)?
331
Let j(a) = a**3 - 15*a**2 - 2*a + 20. Let y be j(15). Let u(z) = -z**3 - 9*z**2 + 10*z + 3. Let i be u(y). Suppose i*t - 140 = -23. List the prime factors of t.
3, 13
Let t be (-4438)/(-4)*100/175. Let b = 85 + t. List the prime factors of b.
719
Let o(t) be the third derivative of -t**6/60 - t**5/4 + 7*t**4/24 - 5*t**3/6 - 23*t**2. Let l be o(-8). List the prime factors of ((-1)/(-4))/(l/732).
61
Let h(l) = l**3 + 8*l**2 - 6*l - 10. Let i(m) = m**3 + 18*m**2. Let w be i(-18). Let v(b) = -b**3 - b - 8. Let g be v(w). What are the prime factors of h(g)?
2, 19
Suppose 215*w + 1612617 = 9605242. List the prime factors of w.
5, 1487
Suppose 3*g + g = -h + 36, 5*g - 150 = -5*h. Let t be h/14 - (-1 + -1). What are the prime factors of 4 - t - (-71 - -1)?
2, 5, 7
What are the prime factors of (2088/116)/((-2)/(-6033))?
3, 2011
List the prime factors of (123032/(-910))/(4/(-170)).
2, 13, 17
Suppose 0 = 23*c + 59 + 171. List the prime factors of 846 + (-1 - -1)*c/20.
2, 3, 47
Let p be 21*((-10)/6 + 2). Suppose -p*z = -877 - 243. What are the prime factors of (25/(-15) - -2) + z/6?
3
Let